3*u = -2*u + 2*h + 45. Let l = 5 - 0. Suppose l*w + 24 = 2*c, 4*c - u*w = -3*w + 48. Calculate the remainder when 35 is divided by c.
11
Let j = -32334 + 32356. Let b = 3 - 0. What is the remainder when 2/b + 552/9 is divided by j?
18
Let p(j) = j**3 - 11*j**2 + 3*j - 8. Let m be p(11). Let a = m + -20. Suppose a*h - 25 = -0*h. Calculate the remainder when 23 is divided by h.
3
Suppose 2*p - 4*p = 0. Suppose p = -0*t + 2*t - 512. What is the remainder when t is divided by 43?
41
What is the remainder when 193 is divided by (((-70)/21)/5)/((-2)/45)?
13
Let j(l) = l**2 + 7*l - 57. What is the remainder when j(8) is divided by 44?
19
Suppose 8 = -6*a + 2*a. Let y be (4 + 0)*a/(-4). Suppose 10 = -h + y*h. Calculate the remainder when h is divided by 6.
4
Suppose 20 = -0*t + 4*t. Suppose r = t*r - 700. Suppose -d = 4*d - r. Calculate the remainder when d is divided by 18.
17
Suppose 3*j = 2*p + 287, 5*j + 5*p - 263 - 182 = 0. What is the remainder when 290 is divided by j?
11
Suppose -30 + 34 = 2*o. What is the remainder when (2/(-6))/(o/(-138)) is divided by (-2 + -2*1)*-2?
7
Suppose -w - 4 + 11 = b, 3*b - w - 37 = 0. Suppose 0 = -4*u - a + 26, 2*u - 10 + 2 = 2*a. What is the remainder when b is divided by u?
5
Suppose -j + 143 = 4*y, -j - 9*y + 6*y = -148. What is the remainder when j is divided by 46?
25
Suppose 0 = 3*d - 2*j - 20, 6*d - 3*d - 22 = 4*j. Suppose -r + h = -44 + d, 1 = -h. What is the remainder when r is divided by 20?
17
Let j = -13 + 6. Let y = -39 - j. Let f = 94 + y. What is the remainder when f is divided by 21?
20
Let r be (-2)/(-1) + (-320)/(-2). Let q = -109 + r. What is the remainder when q is divided by 18?
17
Let y(h) = -h - 2. Let j = 365 - 339. Calculate the remainder when j is divided by y(-10).
2
Let x = 443 + -343. What is the remainder when x is divided by 23?
8
Suppose 0 = -3*t + t - 20. Let f = -2 - -14. Calculate the remainder when t/4*630/(-75) is divided by f.
9
Let h be 135 + 1/(1 + -2). Let l = h - 120. Calculate the remainder when 52 is divided by l.
10
Suppose -i = -2*s - 6 - 70, 5*s = -5*i + 410. What is the remainder when 221 is divided by i?
61
Suppose -14*k = -12*k - 142. What is the remainder when 921 is divided by k?
69
Suppose -2 = -p + a, 5*p - 10 = -0*a - 2*a. Suppose 4*s = -3*b + 18, 10 = -3*b - p*b. Suppose 0 = -5*t + 19 - 4. What is the remainder when s is divided by t?
0
Calculate the remainder when 237 is divided by (-20)/9*9/(-2).
7
Suppose -5*o - 78 = -7*o. Let t = o + -21. Suppose -13*k - 380 = -t*k. Calculate the remainder when k is divided by 20.
16
Let u(i) = -2*i**2 + 2*i. Let d(x) = -3*x**2 + 5*x. Let j be 1 + 2 - (-5 - -5). Let k(v) = j*d(v) - 5*u(v). What is the remainder when 40 is divided by k(-7)?
12
Let x(l) = -12*l**2 + 257*l + 15. What is the remainder when x(21) is divided by 28?
8
Let v = -12 + 14. Suppose -5*s + 113 = -2*q, -5*s + 4*s - v*q = -25. Suppose 0 = -21*w + 10*w + 473. What is the remainder when w is divided by s?
20
Let p = -261 - -270. What is the remainder when 35 is divided by p?
8
Let s = -51 - -44. Suppose 0*x = -b - 4*x - 52, 5*b - 4*x = -260. Let y = s - b. Calculate the remainder when y is divided by 12.
9
Let y = 32 + -2. Suppose -2*a + k = -7*a + 59, -2*k = 2*a - y. What is the remainder when 109 is divided by a?
10
Suppose x - 24 = 56. Let s = -28 + x. Calculate the remainder when s is divided by ((-18)/5)/(1/(-5)).
16
Let u = 43 - 35. Suppose 0 = -3*q, -3*i = 4*q - u*q - 63. Calculate the remainder when 39 is divided by i.
18
Suppose 40 = 3*a - 35. Let k(p) = -7*p**2 - 5*p + 4. Let n be k(-2). Let x(f) = f**2 + 6*f - 39. What is the remainder when x(n) is divided by a?
23
What is the remainder when 97 is divided by ((1890/(-12))/(-15))/(3/2)?
6
What is the remainder when 97 is divided by 626/18 + (-1)/18*-4?
27
Suppose 11*t = 6*t - 15. Calculate the remainder when t/2*((-520)/6 - 2) is divided by 17.
14
Let q = 9 - 13. Let h = q + 7. Suppose -5*g - 5*v = -105, -h*v + 72 = 4*g - 5*v. Calculate the remainder when g is divided by 7.
5
Suppose 65 = 2*o + 3*o. Let s(c) = -c**2 - 12*c + 1. Let l be ((-6)/9)/(6/45). Calculate the remainder when s(l) is divided by o.
10
Let c(f) = 6*f**2 - 28*f + 80. Calculate the remainder when c(4) is divided by ((-38)/(-6))/((-1)/(-3)).
7
Let w(x) = -9*x + 3. Let o be w(2). Let g(q) = q**2 + 15*q + 3. What is the remainder when 4/22 + (-324)/(-33) is divided by g(o)?
1
Suppose 0 = 3*w + 5*u - 254, 5*w - 447 = 3*u - 1. Calculate the remainder when w is divided by 25.
13
Calculate the remainder when (6 + 0)*835/30 is divided by 34.
31
Suppose 2*s + 3*s = 560. What is the remainder when s is divided by 41?
30
Let w(h) = 24*h**2 + 7. Calculate the remainder when w(2) is divided by 79.
24
Suppose -5*c = -2*c - 27. Let q(g) = -216*g**3 - 5*g**2 - 5*g. Let z be q(-1). Suppose -18*a + 9*a = -z. Calculate the remainder when a is divided by c.
6
Suppose 0 = -58*o + 45*o + 1157. What is the remainder when 348 is divided by o?
81
Suppose -40 - 30 = -5*h. Let f(v) = -3*v**3 + 22*v**2 + 16*v + 23. Calculate the remainder when f(8) is divided by h.
9
Let o be (-8)/(-18)*9/2. Suppose o*r - 40 = r + 4*l, -5*l - 106 = -3*r. Let g = -18 + 80. What is the remainder when g is divided by r?
30
Let v(w) = w**3 + w + 3. Let l be v(0). Suppose 0 = -3*a - 2*a + 395. Calculate the remainder when a is divided by l + 34/(-6)*-3.
19
Let c = 3969 - 3954. Let o = -63 - -90. What is the remainder when o is divided by c?
12
Suppose -2*p = b - 1, 10 = 5*b - 5. Calculate the remainder when 38 is divided by (6 + 35/7)*(-1)/p.
5
Let g = 1539 - 1392. Calculate the remainder when g is divided by 28.
7
Let m = 12 + -12. Suppose m = -3*x + 5*o - 9, 2*o + 5 = 4*x + o. Suppose x*v - 4 = -2. Calculate the remainder when 2 is divided by v.
0
Suppose 2*q = 5*t - 185, -t + 6*t = -4*q + 185. Calculate the remainder when t is divided by 20.
17
Let h(l) be the second derivative of 3/2*l**2 - 1/6*l**3 - 4*l + 1/3*l**4 + 0. Calculate the remainder when h(4) is divided by 11.
8
Let b = -402 - -227. Let a = -122 - b. Calculate the remainder when a is divided by 14.
11
Let r = 0 - -15. Let z = 13 + r. Suppose 405 = 513*s - 508*s. What is the remainder when s is divided by z?
25
Let y(t) = 3*t**2 + 2*t + 21. Let w be y(-6). Suppose -7*q + 20*q - w = 0. What is the remainder when q is divided by 54/10 + (-4)/10?
4
Let t(h) = h**2 - 25*h - 62. Calculate the remainder when t(30) is divided by 5.
3
What is the remainder when 126*(3 - (-3 - -5)) is divided by 7?
0
Suppose -2*r + 477 = r. Calculate the remainder when r is divided by 54.
51
Suppose 3*k = 5*b + 9, -2*b + 15 = 2*k + 3*k. Let d be 2*(-1 + b/1). What is the remainder when 35 is divided by -19*(d - (-1)/1)?
16
Let o = -2364 - -2415. What is the remainder when 144 is divided by o?
42
Suppose 2*j + 33 = g - 3*j, -g = 5*j + 17. What is the remainder when 207 is divided by g?
7
Let q be (-2 + -1)/(3/20). Let l = -10 + 17. What is the remainder when l is divided by q/(-12) + 4/12?
1
Let j(k) = -2*k**2 - 31*k + 40. Suppose -13 + 2 = t + 5*i, -35 = 2*t - 3*i. What is the remainder when 70 is divided by j(t)?
22
Suppose -l + 2*l = 26. Calculate the remainder when (28/(-8) - -4)*254 is divided by l.
23
Let a = 33 - 33. Suppose a = 4*j + 4, -8*u + 58 = -3*u + 2*j. Calculate the remainder when 22 is divided by u.
10
Suppose -3*p - 2*m + 16 = 0, -4*m - 4 - 20 = -p. Suppose -2*o = -2 + p. What is the remainder when 62 is divided by (12/(-16))/(o/84)?
20
Let i(g) = -60*g**3 - 4*g**2 - 6*g - 3. What is the remainder when 1001 is divided by i(-1)?
57
Let l = 14 - 17. Let s be l/(-3)*(-3 - -17). Suppose -2*p = -3*p + s. What is the remainder when p is divided by 5?
4
Suppose -6*l = -213 + 9. Calculate the remainder when 99 is divided by l.
31
Let n = 13 - -8. What is the remainder when n is divided by (-46)/(-4) + (-5)/10?
10
Suppose 23*a = -309 + 1114. Calculate the remainder when 206 is divided by a.
31
Let n(v) = 16*v**2 + v. Let m be ((3 - 2) + 0)/1. Let c = -65 - -95. What is the remainder when c is divided by n(m)?
13
Suppose -11*w + 16*w = -i + 45, 4 = -4*w. What is the remainder when 108 is divided by i?
8
Suppose 2*b - 127 + 99 = 0. Let d(p) = -p**2 + 11*p + 17. What is the remainder when b is divided by d(12)?
4
Let p = 41 + 